{"id":717,"date":"2025-11-04T09:30:08","date_gmt":"2025-11-04T12:30:08","guid":{"rendered":"https:\/\/sepec.ufca.edu.br\/?page_id=717"},"modified":"2025-11-28T13:14:16","modified_gmt":"2025-11-28T16:14:16","slug":"editais-2a-sepec","status":"publish","type":"page","link":"https:\/\/sepec.ufca.edu.br\/?page_id=717","title":{"rendered":"Editais &#8211; 2\u00aa SEPEC (com resultados)"},"content":{"rendered":"\n<p><strong>Chamada para monitores volunt\u00e1rios da 2\u00aa Sepec<\/strong>:<\/p>\n\n\n\n<ul><li><a href=\"https:\/\/documentos.ufca.edu.br\/wp-folder\/wp-content\/uploads\/2025\/11\/Edital-02-2025-GR-UFCA-2%C2%AA-SEPEC-03.11.2025_Monitores.docx.pdf\">Chamada<\/a><ul><li><a href=\"https:\/\/sepec.ufca.edu.br\/wp-content\/uploads\/sites\/193\/2025\/11\/Resultado-da-Chamada-de-Monitores-1.pdf\">Resultado Parcial<\/a><\/li><\/ul><\/li><\/ul>\n\n\n\n<p><strong>Edital para Submiss\u00e3o de Trabalhos<\/strong>:<\/p>\n\n\n\n<ul class=\"has-vivid-cyan-blue-color has-text-color\"><li><a href=\"https:\/\/sepec.ufca.edu.br\/wp-content\/uploads\/sites\/193\/2025\/09\/Edital-01-2025-GR-UFCA-2a-SEPEC-17.09.2025.pdf\">Edital<\/a><ul><li><a href=\"https:\/\/documentos.ufca.edu.br\/wp-folder\/wp-content\/uploads\/2025\/11\/Resultado-Final-da-Primeira-Fase-Dimens%C3%A3o-Cultura.pdf\"><strong>Resultado Final dimens\u00e3o Cultura<\/strong><\/a><ul><li><a href=\"https:\/\/sepec.ufca.edu.br\/wp-content\/uploads\/sites\/193\/2025\/11\/PROGRAMAC\u0327A\u0303O-TRABALHOS-II-SEPEC-1-2.pdf\">Apresenta\u00e7\u00f5es de trabalhos (Cultura)<\/a><\/li><\/ul><\/li><li><a href=\"https:\/\/documentos.ufca.edu.br\/wp-folder\/wp-content\/uploads\/2025\/11\/Resultado-Final-da-Primeira-Etapa_-Dimens%C3%A3o-Extens%C3%A3o.docx-4-1.pdf\"><strong>Resultado Final dimens\u00e3o Extens\u00e3o<\/strong><\/a><ul><li><a href=\"https:\/\/sepec.ufca.edu.br\/wp-content\/uploads\/sites\/193\/2025\/11\/Relacao-de-Apresentacoes-de-trabalhos-Terca-02_12-2-SEPEC-1.pdf\">Apresenta\u00e7\u00f5es de trabalhos de 2 de dezembro (Extens\u00e3o)<\/a><\/li><li><a href=\"https:\/\/sepec.ufca.edu.br\/wp-content\/uploads\/sites\/193\/2025\/11\/Relacao-de-Apresentacoes-de-trabalhos-Quarta-03_12-2-SEPEC-3.pdf\">Apresenta\u00e7\u00f5es de trabalhos de 3 de dezembro (Extens\u00e3o)<\/a><\/li><\/ul><\/li><li><strong><a href=\"https:\/\/documentos.ufca.edu.br\/wp-folder\/wp-content\/uploads\/2025\/11\/Dimens%C3%A3o-Pesquisa-Resultado-Final.pdf\">Resultado Final dimens\u00e3o Pesquisa<\/a><\/strong><ul><li><a href=\"https:\/\/sepec.ufca.edu.br\/wp-content\/uploads\/sites\/193\/2025\/11\/DIMENSAO-PESQUISA-RELACAO-DE-TRABALHOS-PARA-APRESENTACAO.pdf\">Apresenta\u00e7\u00e3o de trabalhos (Pesquisa)<\/a><\/li><\/ul><\/li><li><strong><a href=\"https:\/\/documentos.ufca.edu.br\/wp-folder\/wp-content\/uploads\/2025\/11\/Resultado-Final-Dimens%C3%A3o-Ensino-.pdf\">Resultado Final dimens\u00e3o Ensino <\/a><\/strong><ul><li><a href=\"https:\/\/sepec.ufca.edu.br\/wp-content\/uploads\/sites\/193\/2025\/11\/Relacao-de-Apresentacoes-de-trabalhos-Dimensao-Ensino.pdf\">Apresenta\u00e7\u00e3o de Trabalhos (Ensino)<\/a><\/li><\/ul><\/li><li><a href=\"https:\/\/documentos.ufca.edu.br\/wp-folder\/wp-content\/uploads\/2025\/11\/Resultado-Parcial-Dimens\u00e3o-Ensino.pdf\">Resultado Parcial dimens\u00e3o Ensino<\/a><\/li><li><a href=\"https:\/\/documentos.ufca.edu.br\/wp-folder\/wp-content\/uploads\/2025\/11\/Resultado-Parcial-dimens\u00e3o-cultura.pdf\">Resultado Parcial dimens\u00e3o Cultura<\/a><\/li><li><a href=\"https:\/\/sepec.ufca.edu.br\/wp-content\/uploads\/sites\/193\/2025\/11\/Resultado-Parcial-Dimensao-Extensao.pdf\">Resultado Parcial dimens\u00e3o Extens\u00e3o<\/a><\/li><li><a href=\"https:\/\/documentos.ufca.edu.br\/wp-folder\/wp-content\/uploads\/2025\/11\/Resultado-Dimens%C3%A3o-Pesquisa.pdf\">Resultado Parcial dimens\u00e3o Pesquisa<\/a><\/li><\/ul><\/li><\/ul>\n\n\n\n<p><\/p>\n\n\n\n<p><\/p>\n","protected":false},"excerpt":{"rendered":"<p>Chamada para monitores volunt\u00e1rios da 2\u00aa Sepec: Chamada Resultado Parcial Edital para Submiss\u00e3o de Trabalhos: Edital Resultado Final dimens\u00e3o Cultura Apresenta\u00e7\u00f5es de trabalhos (Cultura) Resultado Final dimens\u00e3o Extens\u00e3o Apresenta\u00e7\u00f5es de trabalhos de 2 de dezembro (Extens\u00e3o) Apresenta\u00e7\u00f5es de trabalhos de 3 de dezembro (Extens\u00e3o) Resultado Final dimens\u00e3o Pesquisa Apresenta\u00e7\u00e3o de trabalhos (Pesquisa) Resultado Final dimens\u00e3o [&hellip;]<\/p>\n","protected":false},"author":289,"featured_media":0,"parent":0,"menu_order":0,"comment_status":"closed","ping_status":"closed","template":"template-home.php","meta":[],"_links":{"self":[{"href":"https:\/\/sepec.ufca.edu.br\/index.php?rest_route=\/wp\/v2\/pages\/717"}],"collection":[{"href":"https:\/\/sepec.ufca.edu.br\/index.php?rest_route=\/wp\/v2\/pages"}],"about":[{"href":"https:\/\/sepec.ufca.edu.br\/index.php?rest_route=\/wp\/v2\/types\/page"}],"author":[{"embeddable":true,"href":"https:\/\/sepec.ufca.edu.br\/index.php?rest_route=\/wp\/v2\/users\/289"}],"replies":[{"embeddable":true,"href":"https:\/\/sepec.ufca.edu.br\/index.php?rest_route=%2Fwp%2Fv2%2Fcomments&post=717"}],"version-history":[{"count":23,"href":"https:\/\/sepec.ufca.edu.br\/index.php?rest_route=\/wp\/v2\/pages\/717\/revisions"}],"predecessor-version":[{"id":798,"href":"https:\/\/sepec.ufca.edu.br\/index.php?rest_route=\/wp\/v2\/pages\/717\/revisions\/798"}],"wp:attachment":[{"href":"https:\/\/sepec.ufca.edu.br\/index.php?rest_route=%2Fwp%2Fv2%2Fmedia&parent=717"}],"curies":[{"name":"wp","href":"https:\/\/api.w.org\/{rel}","templated":true}]}}