{"id":553,"date":"2025-08-12T15:30:50","date_gmt":"2025-08-12T18:30:50","guid":{"rendered":"https:\/\/sepec.ufca.edu.br\/?page_id=553"},"modified":"2025-08-12T15:30:50","modified_gmt":"2025-08-12T18:30:50","slug":"duvidas-1a-sepec","status":"publish","type":"page","link":"https:\/\/sepec.ufca.edu.br\/?page_id=553","title":{"rendered":"D\u00favidas &#8211; 1\u00aa SEPEC"},"content":{"rendered":"\n<p><strong>O que \u00e9 a SEPEC?<\/strong><\/p>\n\n\n\n<p>\u00c9 a Semana de Ensino, Pesquisa, Extens\u00e3o e Cultura da Universidade Federal do Cariri (UFCA), cuja primeira edi\u00e7\u00e3o ser\u00e1 realizada em fevereiro de 2025, com o tema \u201cChapada do Araripe: biomas, sociedade e cultura\u201d. O evento tem como objetivo divulgar e fomentar a produ\u00e7\u00e3o do conhecimento pedag\u00f3gico, cient\u00edfico, tecnol\u00f3gico, sociocultural e art\u00edstico,&nbsp; seguindo o princ\u00edpio da indissociabilidade entre ensino, pesquisa, extens\u00e3o e cultura.<\/p>\n\n\n\n<p><strong>Quando ser\u00e1 realizada a 1\u00aa SEPEC?<\/strong><\/p>\n\n\n\n<p>A 1\u00aa SEPEC acontecer\u00e1 de 10 a 14 de fevereiro de 2025, em formato h\u00edbrido, com atividades presenciais nos <em>campi<\/em> da UFCA e em ambientes virtuais.<\/p>\n\n\n\n<p><strong>Quem poder\u00e1 participar?<\/strong><\/p>\n\n\n\n<p>A programa\u00e7\u00e3o da SEPEC \u00e9 aberta e gratuita para todas as pessoas interessadas. Qualquer pessoa, seja da comunidade interna ou externa \u00e0 UFCA, pode se inscrever para participar do evento e receber certifica\u00e7\u00e3o. No entanto, as submiss\u00f5es de propostas para integrar a programa\u00e7\u00e3o s\u00e3o exclusivas para a comunidade acad\u00eamica da UFCA, conforme as regras espec\u00edficas de cada modalidade, detalhadas no edital.<\/p>\n\n\n\n<p><strong>Para participar da SEPEC \u00e9 preciso pagar alguma taxa?<\/strong><\/p>\n\n\n\n<p>N\u00e3o. A participa\u00e7\u00e3o na SEPEC, em todas as modalidades, \u00e9 completamente gratuita.<\/p>\n\n\n\n<p><strong>Quero me inscrever como participante, como fa\u00e7o?<\/strong><\/p>\n\n\n\n<p>A inscri\u00e7\u00e3o de participante pode ser feita de 09\/01\/2025 a 09\/02\/2025, atrav\u00e9s do <a href=\"https:\/\/sigeventos.ufca.edu.br\/sigeventos\/login.xhtml\">SIGEventos<\/a>. N\u00e3o ser\u00e3o aceitas inscri\u00e7\u00f5es fora desse per\u00edodo. O acesso ao SIGEventos \u00e9 realizado com as mesmas credenciais (usu\u00e1rio e senha) utilizadas nos sistemas SIG da UFCA (Sigaa, Sipac etc.).<\/p>\n\n\n\n<p><strong>N\u00e3o tenho login no SIGEventos, e agora?<\/strong><\/p>\n\n\n\n<p>Membros da comunidade acad\u00eamica que n\u00e3o possuem cadastro nos sistemas SIG devem: a) solicitar o cadastramento junto \u00e0 DTI; ou b) cadastrar-se no SIGEventos como usu\u00e1rio(a) externo(a). Os(as) participantes externos(as) devem se cadastrar no SIGEventos como usu\u00e1rio(a) externo(a), antes de realizar a inscri\u00e7\u00e3o.<\/p>\n\n\n\n<p><strong>Para submeter uma proposta, o que devo fazer?<\/strong><\/p>\n\n\n\n<p>As submiss\u00f5es podem ser feitas de 11\/09\/2024 a 09\/10\/2024. Antes de tudo, \u00e9 importante ler o edital atentamente para conhecer os requisitos e regras para submiss\u00e3o na modalidade desejada.<\/p>\n\n\n\n<p><strong>Em que plataforma eu posso submeter minha proposta de trabalho?<\/strong><\/p>\n\n\n\n<p>A SEPEC utiliza diferentes plataformas de submiss\u00e3o, dependendo da dimens\u00e3o formativa escolhida. As plataformas podem ser acessadas nos links abaixo:<\/p>\n\n\n\n<p>Dimens\u00e3o <a href=\"https:\/\/acoesacademicas.ufca.edu.br\/index.php\/sepec\/SEPEC-Ensino\" target=\"_blank\" rel=\"noreferrer noopener\">Ensino<\/a>;<br>Dimens\u00e3o <a href=\"https:\/\/sci01-ter-jne.ufca.edu.br\/cppgi\/\" target=\"_blank\" rel=\"noreferrer noopener\">Pesquisa<\/a>;<br>Dimens\u00e3o <span class=\"has-inline-color has-black-color\"><a href=\"https:\/\/doity.com.br\/1-sepec-extensao\/trabalhos#c\" target=\"_blank\" rel=\"noreferrer noopener\">Extens\u00e3o<\/a><\/span>;<br>Dimens\u00e3o <a href=\"https:\/\/sigeventos.ufca.edu.br\/sigeventos\/login.xhtml\" target=\"_blank\" rel=\"noreferrer noopener\">Cultura<\/a>.<\/p>\n\n\n\n<p><strong>Os trabalhos enviados para a SEPEC ser\u00e3o publicados automaticamente nos Anais?<\/strong><\/p>\n\n\n\n<p>N\u00e3o, a publica\u00e7\u00e3o n\u00e3o \u00e9 autom\u00e1tica. Somente ser\u00e3o publicados os trabalhos aprovados, e cuja publica\u00e7\u00e3o tenha sido autorizada pelos(as) autores(as). No formul\u00e1rio de submiss\u00e3o, o(a) proponente principal dever\u00e1 indicar se autoriza ou n\u00e3o a publica\u00e7\u00e3o do trabalho nos Anais da 1\u00aa SEPEC.<\/p>\n\n\n\n<p><strong>Quem posso contatar para esclarecer d\u00favidas que n\u00e3o foram respondidas aqui?<\/strong><\/p>\n\n\n\n<p>A Comiss\u00e3o Organizadora da 1\u00aa SEPEC estar\u00e1 dispon\u00edvel para esclarecer eventuais d\u00favidas atrav\u00e9s do e-mail <a rel=\"noreferrer noopener\" href=\"mailto:sepec@ufca.edu.br\" target=\"_blank\">sepec@ufca.edu.br<\/a>. Para agilizar o atendimento, o e-mail deve incluir em seu t\u00edtulo: a) a \u00e1rea geral da d\u00favida; e b) o tema espec\u00edfico da d\u00favida. Exemplo: \u201cExtens\u00e3o &#8211; Submiss\u00e3o de v\u00eddeo\u201d.<\/p>\n","protected":false},"excerpt":{"rendered":"<p>O que \u00e9 a SEPEC? \u00c9 a Semana de Ensino, Pesquisa, Extens\u00e3o e Cultura da Universidade Federal do Cariri (UFCA), cuja primeira edi\u00e7\u00e3o ser\u00e1 realizada em fevereiro de 2025, com o tema \u201cChapada do Araripe: biomas, sociedade e cultura\u201d. O evento tem como objetivo divulgar e fomentar a produ\u00e7\u00e3o do conhecimento pedag\u00f3gico, cient\u00edfico, tecnol\u00f3gico, sociocultural [&hellip;]<\/p>\n","protected":false},"author":34,"featured_media":0,"parent":0,"menu_order":0,"comment_status":"closed","ping_status":"closed","template":"","meta":[],"_links":{"self":[{"href":"https:\/\/sepec.ufca.edu.br\/index.php?rest_route=\/wp\/v2\/pages\/553"}],"collection":[{"href":"https:\/\/sepec.ufca.edu.br\/index.php?rest_route=\/wp\/v2\/pages"}],"about":[{"href":"https:\/\/sepec.ufca.edu.br\/index.php?rest_route=\/wp\/v2\/types\/page"}],"author":[{"embeddable":true,"href":"https:\/\/sepec.ufca.edu.br\/index.php?rest_route=\/wp\/v2\/users\/34"}],"replies":[{"embeddable":true,"href":"https:\/\/sepec.ufca.edu.br\/index.php?rest_route=%2Fwp%2Fv2%2Fcomments&post=553"}],"version-history":[{"count":1,"href":"https:\/\/sepec.ufca.edu.br\/index.php?rest_route=\/wp\/v2\/pages\/553\/revisions"}],"predecessor-version":[{"id":554,"href":"https:\/\/sepec.ufca.edu.br\/index.php?rest_route=\/wp\/v2\/pages\/553\/revisions\/554"}],"wp:attachment":[{"href":"https:\/\/sepec.ufca.edu.br\/index.php?rest_route=%2Fwp%2Fv2%2Fmedia&parent=553"}],"curies":[{"name":"wp","href":"https:\/\/api.w.org\/{rel}","templated":true}]}}