{"id":426,"date":"2025-01-21T15:51:31","date_gmt":"2025-01-21T18:51:31","guid":{"rendered":"https:\/\/sepec.ufca.edu.br\/?page_id=426"},"modified":"2025-01-21T15:51:31","modified_gmt":"2025-01-21T18:51:31","slug":"apresentacao","status":"publish","type":"page","link":"https:\/\/sepec.ufca.edu.br\/?page_id=426","title":{"rendered":"Apresenta\u00e7\u00e3o"},"content":{"rendered":"\n<h4><strong>Apresenta\u00e7\u00e3o<\/strong> <strong>da 1\u00aa Sepec\/UFCA<\/strong><\/h4>\n\n\n\n<br>\n\n\n\n<p>A 1\u00aa Semana de Ensino, Pesquisa, Extens\u00e3o e Cultura (SEPEC) \u00e9 um evento promovido pela Universidade Federal do Cariri (UFCA) com o objetivo de divulgar e fomentar a produ\u00e7\u00e3o do conhecimento pedag\u00f3gico, cient\u00edfico, tecnol\u00f3gico, sociocultural e art\u00edstico, no princ\u00edpio da indissociabilidade entre o ensino, a pesquisa, a extens\u00e3o e a cultura.<\/p>\n\n\n\n<p>A 1\u00aa SEPEC ser\u00e1 realizada entre os dias 10 e 14 de fevereiro de 2025, em formato h\u00edbrido, com o tema \u201cChapada do Araripe: biomas, sociedade e cultura\u201d, em alinhamento com o tema da 21\u00aa Semana Nacional da Ci\u00eancia e Tecnologia, \u201cBiomas do Brasil: diversidade, saberes e tecnologias sociais\u201d.&nbsp;<\/p>\n\n\n\n<p>Durante a Semana, celebraremos as realiza\u00e7\u00f5es e produ\u00e7\u00f5es da nossa comunidade, em meio a diversas atividades, encontros e trocas envolvendo as dimens\u00f5es formativas da nossa UFCA: o ensino, a pesquisa, a extens\u00e3o e a cultura.<\/p>\n\n\n\n<p>As submiss\u00f5es, destinadas \u00e0 comunidade da UFCA, estiveram abertas at\u00e9 16 de outubro de 2024. As inscri\u00e7\u00f5es para participantes, abertas \u00e0s comunidades interna e externa, t\u00eam in\u00edcio em 20 de janeiro de 2025 e encerram-se em 06 de fevereiro de 2025. A participa\u00e7\u00e3o nas atividades da SEPEC s\u00e3o gratuitas para todas as pessoas interessadas.<\/p>\n\n\n\n<p>Ser\u00e1 uma alegria contar com a sua participa\u00e7\u00e3o na 1\u00aa Semana de Ensino, Pesquisa, Extens\u00e3o e Cultura!&nbsp;<\/p>\n\n\n\n<p>&#8220;<strong>Chapada do Araripe: biomas, sociedade e cultura<\/strong>&#8220;<\/p>\n\n\n\n<p>Em di\u00e1logo com a Semana Nacional de Ci\u00eancia, Tecnologia e Inova\u00e7\u00e3o, a 1\u00aa Semana de Ensino, Pesquisa, Extens\u00e3o e Cultura da UFCA ter\u00e1 como tema \u201cChapada do Araripe: biomas, sociedade e cultura\u201d, no intuito de promover uma reflex\u00e3o sobre um patrim\u00f4nio ambiental, cient\u00edfico e cultural que marca indelevelmente o territ\u00f3rio em que se situa a Universidade Federal do Cariri.<\/p>\n\n\n\n<p>Estendendo-se por 180 km de comprimento, com largura vari\u00e1vel entre 30 e 50 km e altitudes que atingem, em geral, dos 850 aos 1.000 metros, a Chapada do Araripe \u00e9 um marco ambiental e visual do Cariri cearense, tendo partes tamb\u00e9m em Pernambuco e no Piau\u00ed. Comumente descrita como um \u201co\u00e1sis\u201d, rica em fontes de \u00e1gua, com fauna diversa e vegeta\u00e7\u00e3o que mescla esp\u00e9cies da Caatinga, Mata \u00damida e Cerrado, al\u00e9m de valioso s\u00edtio paleontol\u00f3gico, a Chapada do Araripe \u00e9, al\u00e9m disso, um espa\u00e7o constru\u00eddo socialmente por homens e mulheres que teceram, e tecem, experi\u00eancias culturais, art\u00edsticas e religiosas ricas em beleza e significado. <\/p>\n\n\n\n<p>Esses predicados a constituem como um territ\u00f3rio de rara e distinta sociobiodiversidade, recentemente chancelado como Paisagem Cultural do Cear\u00e1 e inclu\u00eddo na Lista Indicativa Brasileira do Instituto do Patrim\u00f4nio Hist\u00f3rico e Art\u00edstico Nacional (Iphan), etapa pr\u00e9via ao reconhecimento como Patrim\u00f4nio Mundial pela Organiza\u00e7\u00e3o das Na\u00e7\u00f5es Unidas para a Educa\u00e7\u00e3o, a Ci\u00eancia e a Cultura (Unesco).&nbsp;<\/p>\n","protected":false},"excerpt":{"rendered":"<p>Apresenta\u00e7\u00e3o da 1\u00aa Sepec\/UFCA A 1\u00aa Semana de Ensino, Pesquisa, Extens\u00e3o e Cultura (SEPEC) \u00e9 um evento promovido pela Universidade Federal do Cariri (UFCA) com o objetivo de divulgar e fomentar a produ\u00e7\u00e3o do conhecimento pedag\u00f3gico, cient\u00edfico, tecnol\u00f3gico, sociocultural e art\u00edstico, no princ\u00edpio da indissociabilidade entre o ensino, a pesquisa, a extens\u00e3o e a cultura. [&hellip;]<\/p>\n","protected":false},"author":230,"featured_media":0,"parent":0,"menu_order":0,"comment_status":"closed","ping_status":"closed","template":"","meta":[],"_links":{"self":[{"href":"https:\/\/sepec.ufca.edu.br\/index.php?rest_route=\/wp\/v2\/pages\/426"}],"collection":[{"href":"https:\/\/sepec.ufca.edu.br\/index.php?rest_route=\/wp\/v2\/pages"}],"about":[{"href":"https:\/\/sepec.ufca.edu.br\/index.php?rest_route=\/wp\/v2\/types\/page"}],"author":[{"embeddable":true,"href":"https:\/\/sepec.ufca.edu.br\/index.php?rest_route=\/wp\/v2\/users\/230"}],"replies":[{"embeddable":true,"href":"https:\/\/sepec.ufca.edu.br\/index.php?rest_route=%2Fwp%2Fv2%2Fcomments&post=426"}],"version-history":[{"count":2,"href":"https:\/\/sepec.ufca.edu.br\/index.php?rest_route=\/wp\/v2\/pages\/426\/revisions"}],"predecessor-version":[{"id":429,"href":"https:\/\/sepec.ufca.edu.br\/index.php?rest_route=\/wp\/v2\/pages\/426\/revisions\/429"}],"wp:attachment":[{"href":"https:\/\/sepec.ufca.edu.br\/index.php?rest_route=%2Fwp%2Fv2%2Fmedia&parent=426"}],"curies":[{"name":"wp","href":"https:\/\/api.w.org\/{rel}","templated":true}]}}