{"id":36,"date":"2024-08-08T07:06:11","date_gmt":"2024-08-08T10:06:11","guid":{"rendered":"https:\/\/sites.ufca.edu.br\/sepec\/?page_id=36"},"modified":"2024-09-12T13:05:07","modified_gmt":"2024-09-12T16:05:07","slug":"contato","status":"publish","type":"page","link":"https:\/\/sepec.ufca.edu.br\/?page_id=36","title":{"rendered":"Contato"},"content":{"rendered":"\n<p>A Comiss\u00e3o Organizadora da 1\u00aa SEPEC estar\u00e1 dispon\u00edvel para esclarecer eventuais d\u00favidas atrav\u00e9s do e-mail <a href=\"mailto:sepec@ufca.edu.br\">sepec@ufca.edu.br<\/a>. Para agilizar o atendimento, o e-mail deve incluir em seu t\u00edtulo: a) a \u00e1rea geral da d\u00favida; e b) o tema espec\u00edfico da d\u00favida. Exemplo: \u201cExtens\u00e3o &#8211; Submiss\u00e3o de v\u00eddeo\u201d.<\/p>\n","protected":false},"excerpt":{"rendered":"<p>A Comiss\u00e3o Organizadora da 1\u00aa SEPEC estar\u00e1 dispon\u00edvel para esclarecer eventuais d\u00favidas atrav\u00e9s do e-mail sepec@ufca.edu.br. Para agilizar o atendimento, o e-mail deve incluir em seu t\u00edtulo: a) a \u00e1rea geral da d\u00favida; e b) o tema espec\u00edfico da d\u00favida. Exemplo: \u201cExtens\u00e3o &#8211; Submiss\u00e3o de v\u00eddeo\u201d.<\/p>\n","protected":false},"author":230,"featured_media":0,"parent":0,"menu_order":0,"comment_status":"closed","ping_status":"closed","template":"","meta":[],"_links":{"self":[{"href":"https:\/\/sepec.ufca.edu.br\/index.php?rest_route=\/wp\/v2\/pages\/36"}],"collection":[{"href":"https:\/\/sepec.ufca.edu.br\/index.php?rest_route=\/wp\/v2\/pages"}],"about":[{"href":"https:\/\/sepec.ufca.edu.br\/index.php?rest_route=\/wp\/v2\/types\/page"}],"author":[{"embeddable":true,"href":"https:\/\/sepec.ufca.edu.br\/index.php?rest_route=\/wp\/v2\/users\/230"}],"replies":[{"embeddable":true,"href":"https:\/\/sepec.ufca.edu.br\/index.php?rest_route=%2Fwp%2Fv2%2Fcomments&post=36"}],"version-history":[{"count":6,"href":"https:\/\/sepec.ufca.edu.br\/index.php?rest_route=\/wp\/v2\/pages\/36\/revisions"}],"predecessor-version":[{"id":171,"href":"https:\/\/sepec.ufca.edu.br\/index.php?rest_route=\/wp\/v2\/pages\/36\/revisions\/171"}],"wp:attachment":[{"href":"https:\/\/sepec.ufca.edu.br\/index.php?rest_route=%2Fwp%2Fv2%2Fmedia&parent=36"}],"curies":[{"name":"wp","href":"https:\/\/api.w.org\/{rel}","templated":true}]}}