{"id":35,"date":"2024-08-08T07:06:11","date_gmt":"2024-08-08T10:06:11","guid":{"rendered":"https:\/\/sites.ufca.edu.br\/sepec\/?page_id=35"},"modified":"2025-09-18T17:28:30","modified_gmt":"2025-09-18T20:28:30","slug":"duvidas-frequentes","status":"publish","type":"page","link":"https:\/\/sepec.ufca.edu.br\/?page_id=35","title":{"rendered":"D\u00favidas"},"content":{"rendered":"\n<h3><strong>O que \u00e9 a SEPEC?<\/strong><\/h3>\n\n\n\n<p>\u00c9 a Semana de Ensino, Pesquisa, Extens\u00e3o e Cultura da Universidade Federal do Cariri (UFCA). Em sua segunda edi\u00e7\u00e3o ser\u00e1 realizada de 1 a 5 de dezembro de 2025, com o tema &#8220;Do sert\u00e3o ao oceano: a cultura das \u00e1guas do Cariri cearense como resist\u00eancia clim\u00e1tica&#8221;. O evento tem como objetivo divulgar e fomentar a produ\u00e7\u00e3o do conhecimento pedag\u00f3gico, cient\u00edfico, tecnol\u00f3gico, sociocultural e art\u00edstico,&nbsp; seguindo o princ\u00edpio da indissociabilidade entre ensino, pesquisa, extens\u00e3o e cultura.<\/p>\n\n\n\n<h3><strong>Quando ser\u00e1 realizada a 2\u00aa SEPEC?<\/strong><\/h3>\n\n\n\n<p>A 2\u00aa SEPEC acontecer\u00e1 de 1 a 5 de dezembro de 2025, em formato h\u00edbrido, com atividades presenciais nos <em>campi<\/em> da UFCA e em ambientes virtuais.<\/p>\n\n\n\n<h3><strong>Quem poder\u00e1 participar?<\/strong><\/h3>\n\n\n\n<p>A programa\u00e7\u00e3o da SEPEC \u00e9 aberta e gratuita para todas as pessoas interessadas. Qualquer pessoa, seja da comunidade interna ou externa \u00e0 UFCA, pode se inscrever para participar do evento e receber certifica\u00e7\u00e3o. No entanto, as submiss\u00f5es de propostas para integrar a programa\u00e7\u00e3o s\u00e3o exclusivas para a comunidade acad\u00eamica da UFCA, conforme as regras espec\u00edficas de cada modalidade, detalhadas no <a href=\"https:\/\/sepec.ufca.edu.br\/wp-content\/uploads\/sites\/193\/2025\/09\/Edital-01-2025-GR-UFCA-2a-SEPEC-17.09.2025.pdf\" target=\"_blank\" rel=\"noreferrer noopener\">Edital n\u00ba 01\/2025\/GR\/UFCA<\/a>.<\/p>\n\n\n\n<h3><strong>Para participar da SEPEC \u00e9 preciso pagar alguma taxa?<\/strong><\/h3>\n\n\n\n<p>N\u00e3o. A participa\u00e7\u00e3o na SEPEC \u00e9 100% completamente gratuita.<\/p>\n\n\n\n<h3><strong>Como fa\u00e7o  para me inscrever ?<\/strong><\/h3>\n\n\n\n<p>A inscri\u00e7\u00f5es como participante ser\u00e3o abertas em breve. Em breve, teremos mais orienta\u00e7\u00f5es.<\/p>\n\n\n\n<h3><strong>Quero<\/strong> <strong>submeter uma proposta.  Como devo fazer?<\/strong><\/h3>\n\n\n\n<p>Consulte a p\u00e1gina <a rel=\"noreferrer noopener\" href=\"https:\/\/sepec.ufca.edu.br\/?page_id=8\" target=\"_blank\">Submiss\u00f5es<\/a> para orienta\u00e7\u00f5es. Antes de tudo, \u00e9 importante ler o <a href=\"https:\/\/sepec.ufca.edu.br\/wp-content\/uploads\/sites\/193\/2025\/09\/Edital-01-2025-GR-UFCA-2a-SEPEC-17.09.2025.pdf\">edital<\/a> atentamente para conhecer os requisitos e regras para submiss\u00e3o na modalidade desejada.<\/p>\n\n\n\n<h3><strong>Em que plataforma eu posso submeter minha proposta de trabalho?<\/strong><\/h3>\n\n\n\n<p>Na <a rel=\"noreferrer noopener\" href=\"https:\/\/doity.com.br\/sepec2025\/trabalhos#c\" target=\"_blank\">Plataforma Doity<\/a> no caso das Dimens\u00f5es Ensino, Extens\u00e3o e Cultura; <\/p>\n\n\n\n<p>Na <a rel=\"noreferrer noopener\" href=\"https:\/\/sci01-ter-jne.ufca.edu.br\/cppgi\/\" target=\"_blank\">Plataforma Yoko<\/a> na Dimens\u00e3o Pesquisa.<\/p>\n\n\n\n<h3><strong>Os trabalhos enviados para a SEPEC ser\u00e3o publicados automaticamente nos Anais?<\/strong><\/h3>\n\n\n\n<p>N\u00e3o, a publica\u00e7\u00e3o n\u00e3o \u00e9 autom\u00e1tica. Somente ser\u00e3o publicados os trabalhos aprovados, e cuja publica\u00e7\u00e3o tenha sido autorizada pelos(as) autores(as). No formul\u00e1rio de submiss\u00e3o, o(a) proponente principal dever\u00e1 indicar se autoriza ou n\u00e3o a publica\u00e7\u00e3o do trabalho nos Anais da 2\u00aa SEPEC.<\/p>\n\n\n\n<h3><strong>Quem posso contatar para esclarecer d\u00favidas que n\u00e3o foram respondidas aqui?<\/strong><\/h3>\n\n\n\n<p>A Comiss\u00e3o Organizadora da 2\u00aa SEPEC estar\u00e1 dispon\u00edvel para esclarecer eventuais d\u00favidas atrav\u00e9s do e-mail <a rel=\"noreferrer noopener\" href=\"mailto:sepec@ufca.edu.br\" target=\"_blank\">sepec@ufca.edu.br<\/a>. Para agilizar o atendimento, o e-mail deve incluir em seu t\u00edtulo: a) a \u00e1rea geral da d\u00favida; e b) o tema espec\u00edfico da d\u00favida. Exemplo: \u201cExtens\u00e3o &#8211; Submiss\u00e3o de Resumo Expandido\u201d.<\/p>\n","protected":false},"excerpt":{"rendered":"<p>O que \u00e9 a SEPEC? \u00c9 a Semana de Ensino, Pesquisa, Extens\u00e3o e Cultura da Universidade Federal do Cariri (UFCA). Em sua segunda edi\u00e7\u00e3o ser\u00e1 realizada de 1 a 5 de dezembro de 2025, com o tema &#8220;Do sert\u00e3o ao oceano: a cultura das \u00e1guas do Cariri cearense como resist\u00eancia clim\u00e1tica&#8221;. O evento tem como [&hellip;]<\/p>\n","protected":false},"author":230,"featured_media":0,"parent":0,"menu_order":0,"comment_status":"closed","ping_status":"closed","template":"","meta":[],"_links":{"self":[{"href":"https:\/\/sepec.ufca.edu.br\/index.php?rest_route=\/wp\/v2\/pages\/35"}],"collection":[{"href":"https:\/\/sepec.ufca.edu.br\/index.php?rest_route=\/wp\/v2\/pages"}],"about":[{"href":"https:\/\/sepec.ufca.edu.br\/index.php?rest_route=\/wp\/v2\/types\/page"}],"author":[{"embeddable":true,"href":"https:\/\/sepec.ufca.edu.br\/index.php?rest_route=\/wp\/v2\/users\/230"}],"replies":[{"embeddable":true,"href":"https:\/\/sepec.ufca.edu.br\/index.php?rest_route=%2Fwp%2Fv2%2Fcomments&post=35"}],"version-history":[{"count":16,"href":"https:\/\/sepec.ufca.edu.br\/index.php?rest_route=\/wp\/v2\/pages\/35\/revisions"}],"predecessor-version":[{"id":665,"href":"https:\/\/sepec.ufca.edu.br\/index.php?rest_route=\/wp\/v2\/pages\/35\/revisions\/665"}],"wp:attachment":[{"href":"https:\/\/sepec.ufca.edu.br\/index.php?rest_route=%2Fwp%2Fv2%2Fmedia&parent=35"}],"curies":[{"name":"wp","href":"https:\/\/api.w.org\/{rel}","templated":true}]}}