{"id":197,"date":"2024-09-20T11:14:14","date_gmt":"2024-09-20T14:14:14","guid":{"rendered":"https:\/\/sites.ufca.edu.br\/sepec\/?page_id=197"},"modified":"2025-02-17T12:15:14","modified_gmt":"2025-02-17T15:15:14","slug":"submissoes-extensao","status":"publish","type":"page","link":"https:\/\/sepec.ufca.edu.br\/?page_id=197","title":{"rendered":"Submiss\u00f5es &#8211; Extens\u00e3o"},"content":{"rendered":"\n<p>A 1\u00aa Semana de Ensino, Pesquisa, Extens\u00e3o e Cultura (SEPEC) visa divulgar e fomentar a produ\u00e7\u00e3o do conhecimento pedag\u00f3gico, cient\u00edfico, tecnol\u00f3gico, sociocultural e art\u00edstico, no princ\u00edpio da indissociabilidade entre o ensino, a pesquisa, a extens\u00e3o e a cultura. <\/p>\n\n\n\n<p>No caso da <strong>Dimens\u00e3o Extens\u00e3o<\/strong>, os extensionistas podem submeter <strong>Resumos Expandidos<\/strong> e <strong>V\u00eddeos <\/strong>com o intuito de divulgar trabalhos culturais e cient\u00edficos realizados por a\u00e7\u00f5es de Extens\u00e3o Universit\u00e1ria cadastradas na Pr\u00f3-reitoria de Extens\u00e3o (PROEX\/UFCA) em 2023 (Programas) e 2024 (Projetos).<\/p>\n\n\n\n<h4><strong>O que voc\u00ea encontrar\u00e1 nesta p\u00e1gina:<\/strong><\/h4>\n\n\n\n<div style=\"height:20px\" aria-hidden=\"true\" class=\"wp-block-spacer\"><\/div>\n\n\n\n<ul><li><a href=\"#periodo\" data-type=\"internal\" data-id=\"#periodo\">Per\u00edodo de submiss\u00f5es<\/a><\/li><li><a href=\"#quempode\">Quem pode submeter?<\/a><\/li><li><a href=\"#submeter\">Como submeter?<\/a><\/li><li><a href=\"#apresentacao\">Sobre a apresenta\u00e7\u00e3o<\/a><\/li><li><a href=\"#anais\">Anais do 1\u00ba SEPEC<\/a><\/li><li><a href=\"#cronograma\">Cronograma<\/a><\/li><li><a href=\"#edital\">Acompanhamento do Edital n\u00ba 01\/2024\/GR\/UFCA<\/a><\/li><\/ul>\n\n\n\n<hr class=\"wp-block-separator\" \/>\n\n\n\n<h4 id=\"periodo\"><strong>Per\u00edodo de submiss\u00f5es<\/strong><\/h4>\n\n\n\n<div style=\"height:20px\" aria-hidden=\"true\" class=\"wp-block-spacer\"><\/div>\n\n\n\n<p>O per\u00edodo de submiss\u00f5es ser\u00e1 de <strong>11 de setembro<\/strong> a <strong>16 de outubro de 2024<\/strong>. Al\u00e9m disso, os estudantes extensionistas da UFCA podem concorrer ao <a href=\"https:\/\/sepec.ufca.edu.br\/?page_id=231\">Pr\u00eamio Voc\u00ea Faz a Extens\u00e3o<\/a>, nas categorias Melhores Trabalhos e Melhores V\u00eddeos com valores de <strong>R$ 400<\/strong> a <strong>R$ 1.200<\/strong> reais.<\/p>\n\n\n\n<hr class=\"wp-block-separator\" \/>\n\n\n\n<h4 id=\"quempode\"><strong>Quem pode submeter?<\/strong><\/h4>\n\n\n\n<div style=\"height:20px\" aria-hidden=\"true\" class=\"wp-block-spacer\"><\/div>\n\n\n\n<p>Coordenadores(as)\/tutores(as), bolsistas e volunt\u00e1rios de programas\/projetos vinculados na Proex\/UFCA, cujas atividades estejam no per\u00edodo de vig\u00eancia.<\/p>\n\n\n\n<hr class=\"wp-block-separator\" \/>\n\n\n\n<h4 id=\"submeter\"><strong>Como submeter trabalhos?<\/strong><\/h4>\n\n\n\n<div style=\"height:20px\" aria-hidden=\"true\" class=\"wp-block-spacer\"><\/div>\n\n\n\n<p><strong>Resumos Expandidos<\/strong>:<\/p>\n\n\n\n<p>A submiss\u00f5es dos Resumos Expandidos devem ser feitas na&nbsp;plataforma <a rel=\"noreferrer noopener\" href=\"https:\/\/doity.com.br\/1-sepec-extensao\/trabalhos#c\" target=\"_blank\">Doity<\/a>.&nbsp;Cada autor\/autora poder\u00e1 apresentar no m\u00e1ximo 1 (um) trabalho como autor\/autora do projeto\/programa A e 2 (dois) como coautor\/coautora do projeto\/programa B e C. <\/p>\n\n\n\n<p>Cada trabalho poder\u00e1 ter no m\u00e1ximo 8 (oito) autores\/coautores, com extens\u00e3o de 5 (cinco) a 7 (sete) p\u00e1ginas, conforme <a rel=\"noreferrer noopener\" href=\"https:\/\/universidadefe957-my.sharepoint.com\/:w:\/g\/personal\/hemerson_soares_ufca_edu_br\/ETaB0RkKihBOv03I0QbPdZgBKJU_XSI8ON2gGt_5XVao2A?e=HB6nNM\" target=\"_blank\" data-type=\"URL\" data-id=\"https:\/\/universidadefe957-my.sharepoint.com\/:w:\/g\/personal\/hemerson_soares_ufca_edu_br\/ETaB0RkKihBOv03I0QbPdZgBKJU_XSI8ON2gGt_5XVao2A?e=HB6nNM\">modelo disponibilizado<\/a>. Para mais orienta\u00e7\u00f5es sobre como submeter na plataforma <a rel=\"noreferrer noopener\" href=\"https:\/\/doity.com.br\/1-sepec-extensao\/trabalhos#c\" target=\"_blank\">Doity<\/a>, assista nosso <a rel=\"noreferrer noopener\" href=\"https:\/\/youtu.be\/2egU7XLPM7I\" target=\"_blank\">tutorial em v\u00eddeo<\/a>.<\/p>\n\n\n\n<p><strong>V\u00eddeos<\/strong>:<\/p>\n\n\n\n<p>A submiss\u00f5es dos V\u00eddeos devem ser feitas na&nbsp;plataforma <a rel=\"noreferrer noopener\" href=\"https:\/\/forms.ufca.edu.br\/search-form?id_formulario=3387\" target=\"_blank\">FORMS<\/a>.&nbsp;Para orienta\u00e7\u00f5es quanto a submiss\u00e3o de V\u00eddeos, <a href=\"https:\/\/youtu.be\/ICNQjEsptxA\" target=\"_blank\" rel=\"noreferrer noopener\">acesse nosso tutorial em v\u00eddeo<\/a>.<\/p>\n\n\n\n<hr class=\"wp-block-separator\" \/>\n\n\n\n<p><\/p>\n\n\n\n<h4 id=\"apresentacao\"><strong>Sobre a apresenta\u00e7\u00e3o dos<\/strong> <strong>Resumos Expandidos<\/strong><\/h4>\n\n\n\n<div style=\"height:20px\" aria-hidden=\"true\" class=\"wp-block-spacer\"><\/div>\n\n\n\n<p>Os trabalhos ser\u00e3o apresentados de forma oral em formato remoto, via Google Meet, em sala virtual a ser informada pela organiza\u00e7\u00e3o do 1\u00ba SEPEC no final desta p\u00e1gina. Cada apresenta\u00e7\u00e3o ter\u00e1 dura\u00e7\u00e3o de at\u00e9 10 minutos, com emiss\u00e3o de certificados no final do evento. As apresenta\u00e7\u00f5es devem seguir o template de apresenta\u00e7\u00e3o disponibilizado pela organiza\u00e7\u00e3o (o link do template poder\u00e1 ser acessado na se\u00e7\u00e3o <a href=\"#edital\">Acompanhamento do Edital n\u00ba 01\/2024\/GR\/UFCA<\/a>.<\/p>\n\n\n\n<hr class=\"wp-block-separator\" \/>\n\n\n\n<h4 id=\"anais\"><strong>Anais do 1\u00ba SEPEC<\/strong><\/h4>\n\n\n\n<div style=\"height:20px\" aria-hidden=\"true\" class=\"wp-block-spacer\"><\/div>\n\n\n\n<p><\/p>\n\n\n\n<p>Os trabalhos aceitos e apresentados ser\u00e3o publicados nos Anais do 1\u00ba SEPEC, desde que obtenha pontua\u00e7\u00e3o maior ou igual a 7,0 (sete) e tenha sido feitas as eventuais corre\u00e7\u00f5es indicadas pela comiss\u00e3o avaliadora.<\/p>\n\n\n\n<hr class=\"wp-block-separator\" \/>\n\n\n\n<h4 id=\"cronograma\"><strong>Cronograma<\/strong><\/h4>\n\n\n\n<div style=\"height:20px\" aria-hidden=\"true\" class=\"wp-block-spacer\"><\/div>\n\n\n\n<figure class=\"wp-block-table is-style-stripes\"><table><tbody><tr><td><strong>Atividades<\/strong><\/td><td><strong>Datas<\/strong><\/td><\/tr><tr><td><strong>Publica\u00e7\u00e3o da chamada p\u00fablica para submiss\u00e3o de propostas<\/strong><\/td><td>11\/09\/2024<\/td><\/tr><tr><td><strong>Submiss\u00e3o das propostas<\/strong><\/td><td>11\/09\/2024 a 16\/10\/2024<\/td><\/tr><tr><td><strong>Publica\u00e7\u00e3o do resultado preliminar da avalia\u00e7\u00e3o<\/strong><\/td><td>A partir de 21\/11\/2024<\/td><\/tr><tr><td><strong>Divulga\u00e7\u00e3o da pr\u00e9via da programa\u00e7\u00e3o<\/strong><\/td><td>A partir de 04\/11\/2024<\/td><\/tr><tr><td><strong>Publica\u00e7\u00e3o do resultado preliminar da avalia\u00e7\u00e3o <\/strong><\/td><td>A partir de 07\/01\/2025<\/td><\/tr><tr><td><strong>Interposi\u00e7\u00e3o de eventuais recursos quanto ao resultado preliminar da avalia\u00e7\u00e3o <\/strong><\/td><td>2 dias \u00fateis ap\u00f3s a publica\u00e7\u00e3o do resultado preliminar da avalia\u00e7\u00e3o das propostas<\/td><\/tr><tr><td><strong>Per\u00edodo de inscri\u00e7\u00e3o para participantes<\/strong><\/td><td>09\/01\/2025 a 09\/02\/2025<\/td><\/tr><tr><td><strong>An\u00e1lise de recursos da avalia\u00e7\u00e3o <\/strong><\/td><td>At\u00e9 16\/01\/2025<\/td><\/tr><tr><td><strong>Publica\u00e7\u00e3o do resultado final <\/strong><\/td><td>A partir de 17\/01\/2025<\/td><\/tr><tr><td><strong>Divulga\u00e7\u00e3o da programa\u00e7\u00e3o completa<\/strong><\/td><td>A partir de 17\/01\/2025<\/td><\/tr><tr><td><strong>Per\u00edodo de realiza\u00e7\u00e3o da 1\u00aa SEPEC<\/strong><\/td><td>10\/02\/2025 a 14\/02\/2025<\/td><\/tr><tr><td><strong>Envio da vers\u00e3o final dos trabalhos para incorpora\u00e7\u00e3o aos Anais da 1\u00aa SEPEC<\/strong><\/td><td>17\/02\/2025 a 03\/03\/2025<\/td><\/tr><\/tbody><\/table><\/figure>\n\n\n\n<p><\/p>\n\n\n\n<hr class=\"wp-block-separator\" \/>\n\n\n\n<h4 id=\"edital\"><strong>Acompanhamento do Edital n\u00ba 01\/2024\/GR\/UFCA<\/strong><\/h4>\n\n\n\n<div style=\"height:20px\" aria-hidden=\"true\" class=\"wp-block-spacer\"><\/div>\n\n\n\n<p>Todos os documentos referentes ao Edital n\u00ba 01\/2024\/GR\/UFCA ser\u00e3o publicados na lista abaixo:<\/p>\n\n\n\n<ul id=\"block-24c0346f-bbf8-4306-99fa-d6c793292bc6\"><li><a href=\"https:\/\/documentos.ufca.edu.br\/wp-folder\/wp-content\/uploads\/2025\/02\/Resultado-final-Melhores-v%C3%ADdeos-Edital_01_Anexo_IX_Premio_3%C2%AA-etapa.pdf\" target=\"_blank\" rel=\"noreferrer noopener\">Resultado &#8211; Terceira etapa &#8211; Melhores V\u00eddeos &#8211; Dimens\u00e3o Extens\u00e3o<\/a><\/li><li><a href=\"https:\/\/documentos.ufca.edu.br\/wp-folder\/wp-content\/uploads\/2025\/02\/Resultado-final-Melhores-trabalhos-Edital_01_Anexo_IX_Premio_3%C2%AA-etapa.pdf\" target=\"_blank\" rel=\"noreferrer noopener\">Resultado &#8211; Terceira etapa &#8211; Melhores Trabalhos &#8211; Dimens\u00e3o Extens\u00e3o<\/a><\/li><li><a rel=\"noreferrer noopener\" href=\"https:\/\/universidadefe957-my.sharepoint.com\/:w:\/g\/personal\/hemerson_soares_ufca_edu_br\/Ed4KSPE-6JtGsuKzK-q0PxABrzRX2OW_5aTlyjuOro5S8Q?e=XLEAwd\" target=\"_blank\">Rela\u00e7\u00e3o das apresenta\u00e7\u00f5es de trabalhos &#8211; Quarta (12\/02)<\/a><\/li><li><a rel=\"noreferrer noopener\" href=\"https:\/\/universidadefe957-my.sharepoint.com\/:w:\/g\/personal\/hemerson_soares_ufca_edu_br\/ER3ROmH9lmdBhw-qkNZGMfEBeRi2-lJ3VIxEsnvA1PoETQ?e=VLShM7\" target=\"_blank\">Rela\u00e7\u00e3o das apresenta\u00e7\u00f5es de trabalhos &#8211; Quinta (13\/02)<\/a><\/li><li><a rel=\"noreferrer noopener\" href=\"https:\/\/documentos.ufca.edu.br\/wp-folder\/wp-content\/uploads\/2025\/02\/Errata_Resultado_final_1_etapa_Edital_n_01_Chamada_para_trabalhos_SEPEC-1.pdf\" target=\"_blank\">Errata &#8211; Resultado final da primeira e segunda etapa &#8211; Categoria Melhores trabalhos &#8211; Dimens\u00e3o Extens\u00e3o<\/a><\/li><li><a rel=\"noreferrer noopener\" href=\"https:\/\/documentos.ufca.edu.br\/wp-folder\/wp-content\/uploads\/2025\/01\/Extensa\u0303o-resultado-segunda-etapa-final-17-01.pdf\" target=\"_blank\">Resultado final da primeira e segunda etapa &#8211; Categoria Melhores trabalhos &#8211; Dimens\u00e3o Extens\u00e3o<\/a><\/li><li><a rel=\"noreferrer noopener\" href=\"https:\/\/documentos.ufca.edu.br\/wp-folder\/wp-content\/uploads\/2025\/01\/Template_Apresentacao_de_trabalhos_Extens%C3%A3o_SEPEC.pptx\" target=\"_blank\">Template &#8211; Apresenta\u00e7\u00e3o de trabalhos &#8211; Dimens\u00e3o Extens\u00e3o &#8211; 1\u00ba SEPEC (Microsoft PowerPoint)<\/a><\/li><li><a rel=\"noreferrer noopener\" href=\"https:\/\/www.canva.com\/design\/DAGR37Bgk0o\/9YFivDTEZzEIfpmdUIwrCg\/view?utm_content=DAGR37Bgk0o&amp;utm_campaign=designshare&amp;utm_medium=link&amp;utm_source=publishsharelink&amp;mode=preview\" target=\"_blank\">Template &#8211; Apresenta\u00e7\u00e3o de trabalhos &#8211; Dimens\u00e3o Extens\u00e3o &#8211; 1\u00ba SEPEC (Canva)<\/a><\/li><li><a rel=\"noreferrer noopener\" href=\"https:\/\/documentos.ufca.edu.br\/wp-folder\/wp-content\/uploads\/2025\/01\/EXTENSAO_RESULTADO_PARCIAL_assinado.pdf\" target=\"_blank\">Resultado preliminar da primeira e segunda etapa &#8211; Categoria Melhores trabalhos &#8211; Dimens\u00e3o Extens\u00e3o<\/a><\/li><li><a rel=\"noreferrer noopener\" href=\"https:\/\/documentos.ufca.edu.br\/wp-folder\/wp-content\/uploads\/2025\/01\/EDITAL-01-2024-GR-UFCA-Aditivo-III-altera\u00e7\u00e3o-do-cronograma-Anexo-IX-07-01-2025.pdf\" target=\"_blank\">Aditivo III &#8211; Altera\u00e7\u00e3o de cronograma &#8211; Dimens\u00e3o Extens\u00e3o &#8211; 1\u00ba SEPEC<\/a><\/li><li><a rel=\"noreferrer noopener\" href=\"https:\/\/documentos.ufca.edu.br\/wp-folder\/wp-content\/uploads\/2024\/11\/Resultado-final_Segunda-etapa_Pr\u00eamio-voc\u00ea-faz-a-Extens\u00e3o.docx.pdf\" target=\"_blank\">Resultado final da segunda etapa &#8211; Categoria Melhores V\u00eddeos &#8211; Dimens\u00e3o Extens\u00e3o<\/a><\/li><li><a rel=\"noreferrer noopener\" href=\"https:\/\/documentos.ufca.edu.br\/wp-folder\/wp-content\/uploads\/2024\/11\/Resultado-parcial_Segunda-etapa_Pr%C3%AAmio-voc%C3%AA-faz-a-Extens%C3%A3o.docx-1.pdf\" target=\"_blank\">Resultado parcial da segunda etapa &#8211; Categoria Melhores V\u00eddeos &#8211; Dimens\u00e3o Extens\u00e3o<\/a><\/li><li><a rel=\"noreferrer noopener\" href=\"https:\/\/sepec.ufca.edu.br\/wp-content\/uploads\/sites\/193\/2024\/10\/Homologacao-final_Primeira-etapa_Premio-voce-faz-a-Extensao.docx.pdf\" target=\"_blank\">Resultado final da primeira etapa &#8211; Categoria Melhores V\u00eddeos &#8211; Dimens\u00e3o Extens\u00e3o<\/a><\/li><li><a rel=\"noreferrer noopener\" href=\"https:\/\/sepec.ufca.edu.br\/wp-content\/uploads\/sites\/193\/2024\/10\/Homologacao-parcial_Primeira-etapa_Premio-voce-faz-a-Extensao.docx.pdf\" target=\"_blank\">Resultado parcial da primeira etapa &#8211; Categoria Melhores V\u00eddeos &#8211; Dimens\u00e3o Extens\u00e3o<\/a><\/li><li><a rel=\"noreferrer noopener\" href=\"https:\/\/youtu.be\/2egU7XLPM7I\" target=\"_blank\">Tutorial &#8211; Submetendo Resumos Expandidos no Doity<\/a><\/li><li><a rel=\"noreferrer noopener\" href=\"https:\/\/youtu.be\/ICNQjEsptxA\" target=\"_blank\">Tutorial &#8211; Submetendo V\u00eddeos no FORMS<\/a><\/li><li><a href=\"https:\/\/doity.com.br\/1-sepec-extensao\/trabalhos#c\">Submiss\u00f5es de Resumos Expandidos (Plataforma Doity)<\/a><\/li><li><a rel=\"noreferrer noopener\" href=\"https:\/\/forms.ufca.edu.br\/search-form?id_formulario=3387\" target=\"_blank\">Submiss\u00f5es de V\u00eddeos (Plataforma FORMS)<\/a><\/li><li><a rel=\"noreferrer noopener\" href=\"https:\/\/universidadefe957-my.sharepoint.com\/:w:\/g\/personal\/hemerson_soares_ufca_edu_br\/ETaB0RkKihBOv03I0QbPdZgBKJU_XSI8ON2gGt_5XVao2A?e=HB6nNM\" target=\"_blank\">Template de Resumo Expandido &#8211; Dimens\u00e3o Extens\u00e3o<\/a><\/li><li><a href=\"https:\/\/universidadefe957-my.sharepoint.com\/:w:\/g\/personal\/hemerson_soares_ufca_edu_br\/EQQVnO3dEe5Mphs_Eijogg0BvAdG50VIZoVk2kKxjGUCxA?e=Z4m21A\">Termo de cess\u00e3o dos direitos autorais para V\u00eddeos<\/a><\/li><li><a rel=\"noreferrer noopener\" href=\"https:\/\/docs.google.com\/document\/d\/1yXkhHrkL7EKRlvNh8uj6mxo4uqCQTV1e\/edit?usp=sharing&amp;ouid=114718348775813916056&amp;rtpof=true&amp;sd=true\" target=\"_blank\">Formul\u00e1rio de interposi\u00e7\u00e3o de recurso<\/a><\/li><li><a rel=\"noreferrer noopener\" href=\"https:\/\/sepec.ufca.edu.br\/wp-content\/uploads\/sites\/193\/2024\/09\/Edital-SEPEC-assinado.pdf\" target=\"_blank\">Edital n\u00ba 01\/2024\/GR\/UFCA &#8211; Chamada para inscri\u00e7\u00f5es e submiss\u00f5es de propostas<\/a><\/li><\/ul>\n\n\n\n<p><\/p>\n","protected":false},"excerpt":{"rendered":"<p>A 1\u00aa Semana de Ensino, Pesquisa, Extens\u00e3o e Cultura (SEPEC) visa divulgar e fomentar a produ\u00e7\u00e3o do conhecimento pedag\u00f3gico, cient\u00edfico, tecnol\u00f3gico, sociocultural e art\u00edstico, no princ\u00edpio da indissociabilidade entre o ensino, a pesquisa, a extens\u00e3o e a cultura. No caso da Dimens\u00e3o Extens\u00e3o, os extensionistas podem submeter Resumos Expandidos e V\u00eddeos com o intuito de [&hellip;]<\/p>\n","protected":false},"author":34,"featured_media":0,"parent":8,"menu_order":0,"comment_status":"closed","ping_status":"closed","template":"","meta":[],"_links":{"self":[{"href":"https:\/\/sepec.ufca.edu.br\/index.php?rest_route=\/wp\/v2\/pages\/197"}],"collection":[{"href":"https:\/\/sepec.ufca.edu.br\/index.php?rest_route=\/wp\/v2\/pages"}],"about":[{"href":"https:\/\/sepec.ufca.edu.br\/index.php?rest_route=\/wp\/v2\/types\/page"}],"author":[{"embeddable":true,"href":"https:\/\/sepec.ufca.edu.br\/index.php?rest_route=\/wp\/v2\/users\/34"}],"replies":[{"embeddable":true,"href":"https:\/\/sepec.ufca.edu.br\/index.php?rest_route=%2Fwp%2Fv2%2Fcomments&post=197"}],"version-history":[{"count":32,"href":"https:\/\/sepec.ufca.edu.br\/index.php?rest_route=\/wp\/v2\/pages\/197\/revisions"}],"predecessor-version":[{"id":598,"href":"https:\/\/sepec.ufca.edu.br\/index.php?rest_route=\/wp\/v2\/pages\/197\/revisions\/598"}],"up":[{"embeddable":true,"href":"https:\/\/sepec.ufca.edu.br\/index.php?rest_route=\/wp\/v2\/pages\/8"}],"wp:attachment":[{"href":"https:\/\/sepec.ufca.edu.br\/index.php?rest_route=%2Fwp%2Fv2%2Fmedia&parent=197"}],"curies":[{"name":"wp","href":"https:\/\/api.w.org\/{rel}","templated":true}]}}