{"id":120,"date":"2024-09-04T19:25:42","date_gmt":"2024-09-04T22:25:42","guid":{"rendered":"https:\/\/sites.ufca.edu.br\/sepec\/?page_id=120"},"modified":"2025-03-11T17:24:44","modified_gmt":"2025-03-11T20:24:44","slug":"noticias","status":"publish","type":"page","link":"https:\/\/sepec.ufca.edu.br\/?page_id=120","title":{"rendered":"Editais"},"content":{"rendered":"\n<h2>Edital 01 &#8211; Chamada de inscri\u00e7\u00f5es e submiss\u00f5es para a 1\u00aa SEPEC<\/h2>\n\n\n\n<div class=\"wp-block-file\"><a href=\"\/\/documentos.ufca.edu.br\/wp-folder\/wp-content\/uploads\/2025\/03\/Edital-N.-01_2024_GR_UFCA-Resultado-premia%C3%A7%C3%A3o-dimens%C3%A3o-Cultura-11-03-2025.pdf\">Edital N. 01\/2024\/GR\/UFCA &#8211; Resultado premia\u00e7\u00e3o dimens\u00e3o Cultura<\/a><a href=\"\/\/documentos.ufca.edu.br\/wp-folder\/wp-content\/uploads\/2025\/03\/Edital-N.-01_2024_GR_UFCA-Resultado-premia%C3%A7%C3%A3o-dimens%C3%A3o-Cultura-11-03-2025.pdf\" class=\"wp-block-file__button\">Download<\/a><\/div>\n\n\n\n<div class=\"wp-block-file\"><a href=\"https:\/\/documentos.ufca.edu.br\/wp-folder\/wp-content\/uploads\/2025\/03\/Edital-N.-01_2024_GR_UFCA-Resultado-premiac%CC%A7a%CC%83o-dimensa%CC%83o-Ensino-07-03-2025.pdf\">Edital N. 01\/2024\/GR\/UFCA \u2013 Resultado premia\u00e7\u00e3o dimens\u00e3o Ensino<\/a><a href=\"https:\/\/documentos.ufca.edu.br\/wp-folder\/wp-content\/uploads\/2025\/03\/Edital-N.-01_2024_GR_UFCA-Resultado-premiac%CC%A7a%CC%83o-dimensa%CC%83o-Ensino-07-03-2025.pdf\" class=\"wp-block-file__button\">Download<\/a><\/div>\n\n\n\n<div class=\"wp-block-file\"><a href=\"https:\/\/documentos.ufca.edu.br\/wp-folder\/wp-content\/uploads\/2025\/02\/Resultado-final-Melhores-v%C3%ADdeos-Edital_01_Anexo_IX_Premio_3%C2%AA-etapa-1.pdf\">Edital N. 01\/2024\/GR\/UFCA \u2013 Resultado final &#8211; Melhores v\u00eddeos (dimens\u00e3o Extens\u00e3o)<\/a><a href=\"https:\/\/documentos.ufca.edu.br\/wp-folder\/wp-content\/uploads\/2025\/02\/Resultado-final-Melhores-v%C3%ADdeos-Edital_01_Anexo_IX_Premio_3%C2%AA-etapa-1.pdf\" class=\"wp-block-file__button\">Download<\/a><\/div>\n\n\n\n<div class=\"wp-block-file\"><a href=\"https:\/\/documentos.ufca.edu.br\/wp-folder\/wp-content\/uploads\/2025\/02\/Resultado-final-Melhores-trabalhos-Edital_01_Anexo_IX_Premio_3%C2%AA-etapa-1.pdf\">Edital N. 01\/2024\/GR\/UFCA \u2013 Resultado final &#8211; Melhores trabalhos (dimens\u00e3o Extens\u00e3o)<\/a><a href=\"https:\/\/documentos.ufca.edu.br\/wp-folder\/wp-content\/uploads\/2025\/02\/Resultado-final-Melhores-trabalhos-Edital_01_Anexo_IX_Premio_3%C2%AA-etapa-1.pdf\" class=\"wp-block-file__button\">Download<\/a><\/div>\n\n\n\n<div class=\"wp-block-file\"><a href=\"https:\/\/documentos.ufca.edu.br\/wp-folder\/wp-content\/uploads\/2025\/02\/Edital-N.-01.2024.GRUFCA-%E2%80%93-Trabalhos-Premiados-Iniciac%CC%A7a%CC%83o-Cienti%CC%81fica-dimensa%CC%83o-Pesquisa-%E2%80%93-18.02.2025.pdf\">Edital N. 01\/2024\/GR\/UFCA &#8211; Trabalhos premiados Inicia\u00e7\u00e3o Cient\u00edfica (dimens\u00e3o Pesquisa) &#8211; 18.02.2025<\/a><a href=\"https:\/\/documentos.ufca.edu.br\/wp-folder\/wp-content\/uploads\/2025\/02\/Edital-N.-01.2024.GRUFCA-%E2%80%93-Trabalhos-Premiados-Iniciac%CC%A7a%CC%83o-Cienti%CC%81fica-dimensa%CC%83o-Pesquisa-%E2%80%93-18.02.2025.pdf\" class=\"wp-block-file__button\">Download<\/a><\/div>\n\n\n\n<div class=\"wp-block-file\"><a href=\"https:\/\/documentos.ufca.edu.br\/wp-folder\/wp-content\/uploads\/2025\/02\/Edital-N.-01.2024.GRUFCA-%E2%80%93-Trabalhos-Premiados-Pos-Graduacao-dimensa%CC%83o-Pesquisa-%E2%80%93-18.02.2025.pdf\">Edital N. 01\/2024\/GR\/UFCA &#8211; Trabalhos premiados P\u00f3s-Gradua\u00e7\u00e3o (dimens\u00e3o Pesquisa) &#8211; 18.02.2025<\/a><a href=\"https:\/\/documentos.ufca.edu.br\/wp-folder\/wp-content\/uploads\/2025\/02\/Edital-N.-01.2024.GRUFCA-%E2%80%93-Trabalhos-Premiados-Pos-Graduacao-dimensa%CC%83o-Pesquisa-%E2%80%93-18.02.2025.pdf\" class=\"wp-block-file__button\">Download<\/a><\/div>\n\n\n\n<div class=\"wp-block-file\"><a href=\"https:\/\/documentos.ufca.edu.br\/wp-folder\/wp-content\/uploads\/2025\/02\/Trabalhos-finalistas-Pesquisa-Inicia%C3%A7%C3%A3o-cient%C3%ADfica.pdf\">Edital N. 01\/2024\/GR\/UFCA &#8211; Trabalhos finalistas inicia\u00e7\u00e3o cient\u00edfica (dimens\u00e3o Pesquisa) &#8211; 13.02.2025<\/a><a href=\"https:\/\/documentos.ufca.edu.br\/wp-folder\/wp-content\/uploads\/2025\/02\/Trabalhos-finalistas-Pesquisa-Inicia%C3%A7%C3%A3o-cient%C3%ADfica.pdff\" class=\"wp-block-file__button\">Download<\/a><\/div>\n\n\n\n<div class=\"wp-block-file\"><a href=\"https:\/\/documentos.ufca.edu.br\/wp-folder\/wp-content\/uploads\/2025\/02\/Trabalhos-finalistas-Pesquisa-P%C3%B3s-gradua%C3%A7%C3%A3o.pdf\">Edital N. 01\/2024\/GR\/UFCA &#8211; Trabalhos finalistas p\u00f3s-gradua\u00e7\u00e3o (dimens\u00e3o Pesquisa) &#8211; 13.02.2025<\/a><a href=\"https:\/\/documentos.ufca.edu.br\/wp-folder\/wp-content\/uploads\/2025\/02\/Trabalhos-finalistas-Pesquisa-P%C3%B3s-gradua%C3%A7%C3%A3o.pdf\" class=\"wp-block-file__button\">Download<\/a><\/div>\n\n\n\n<div class=\"wp-block-file\"><a href=\"https:\/\/documentos.ufca.edu.br\/wp-folder\/wp-content\/uploads\/2025\/02\/Dimensa%CC%83o-Pesquisa-Retificac%CC%A7a%CC%83o-do-Resultado-Final-10.02.2025.pdf\">Edital N. 01\/2024\/GR\/UFCA &#8211; Retifica\u00e7\u00e3o 2 do Resultado final da dimens\u00e3o Pesquisa &#8211; 10.02.2025<\/a><a href=\"https:\/\/documentos.ufca.edu.br\/wp-folder\/wp-content\/uploads\/2025\/02\/Dimensa%CC%83o-Pesquisa-Retificac%CC%A7a%CC%83o-do-Resultado-Final-10.02.2025.pdf\" class=\"wp-block-file__button\">Download<\/a><\/div>\n\n\n\n<div class=\"wp-block-file\"><a href=\"https:\/\/documentos.ufca.edu.br\/wp-folder\/wp-content\/uploads\/2025\/02\/SEPEC_Pesquisa_Resultado_Final-Retificado-03.01.2025-1.pdf\">Edital N. 01\/2024\/GR\/UFCA &#8211; Retifica\u00e7\u00e3o resultado final Pesquisa &#8211; 05.02.2025<\/a><a href=\"https:\/\/documentos.ufca.edu.br\/wp-folder\/wp-content\/uploads\/2025\/02\/SEPEC_Pesquisa_Resultado_Final-Retificado-03.01.2025-1.pdf\" class=\"wp-block-file__button\">Download<\/a><\/div>\n\n\n\n<div class=\"wp-block-file\"><a href=\"https:\/\/documentos.ufca.edu.br\/wp-folder\/wp-content\/uploads\/2025\/01\/Edital-N.-01_2024_GR_UFCA-Errata-III-31-01-2025.pdf\">Edital N. 01\/2024\/GR\/UFCA \u2013 Errata III \u2013 31.01.2025<\/a><a href=\"https:\/\/documentos.ufca.edu.br\/wp-folder\/wp-content\/uploads\/2025\/01\/Edital-N.-01_2024_GR_UFCA-Errata-III-31-01-2025.pdf\" class=\"wp-block-file__button\">Download<\/a><\/div>\n\n\n\n<div class=\"wp-block-file\"><a href=\"https:\/\/documentos.ufca.edu.br\/wp-folder\/wp-content\/uploads\/2025\/01\/Edital_N._01_2024_GR_UFCA_-_Errata_II_-_24-01-2025_assinado.pdf\">Edital N. 01\/2024\/GR\/UFCA \u2013 Errata II \u2013 24.01.2025<\/a><a href=\"https:\/\/documentos.ufca.edu.br\/wp-folder\/wp-content\/uploads\/2025\/01\/Edital_N._01_2024_GR_UFCA_-_Errata_II_-_24-01-2025_assinado.pdf\" class=\"wp-block-file__button\">Download<\/a><\/div>\n\n\n\n<div class=\"wp-block-file\"><a href=\"https:\/\/documentos.ufca.edu.br\/wp-folder\/wp-content\/uploads\/2025\/01\/Edital_N._01_2024_GR_UFCA_-_Errata_I_-_24-01-2025_assinado.pdf\">Edital N. 01\/2024\/GR\/UFCA \u2013 Errata I \u2013 24.01.2025<\/a><a href=\"https:\/\/documentos.ufca.edu.br\/wp-folder\/wp-content\/uploads\/2025\/01\/Edital_N._01_2024_GR_UFCA_-_Errata_I_-_24-01-2025_assinado.pdf\" class=\"wp-block-file__button\">Download<\/a><\/div>\n\n\n\n<div class=\"wp-block-file\"><a href=\"https:\/\/documentos.ufca.edu.br\/wp-folder\/wp-content\/uploads\/2025\/01\/DIMENSAO_PESQUISA_-_RESULTADO_FINAL_250123_140348_assinado.pdf\">Edital N. 01\/2024\/GR\/UFCA \u2013 Resultado final da dimens\u00e3o Pesquisa \u2013 24.01.2025<\/a><a href=\"https:\/\/documentos.ufca.edu.br\/wp-folder\/wp-content\/uploads\/2025\/01\/DIMENSAO_PESQUISA_-_RESULTADO_FINAL_250123_140348_assinado.pdf\" class=\"wp-block-file__button\">Download<\/a><\/div>\n\n\n\n<div class=\"wp-block-file\"><a href=\"https:\/\/documentos.ufca.edu.br\/wp-folder\/wp-content\/uploads\/2025\/01\/SEPEC_UFCA_-_RESULTADO_FINAL_-_DIMENSAO_ENSINO_assinado.pdf\">Edital N. 01\/2024\/GR\/UFCA &#8211; Resultado final da dimens\u00e3o Ensino &#8211; 21.01.2025<\/a><a href=\"https:\/\/documentos.ufca.edu.br\/wp-folder\/wp-content\/uploads\/2025\/01\/SEPEC_UFCA_-_RESULTADO_FINAL_-_DIMENSAO_ENSINO_assinado.pdf\" class=\"wp-block-file__button\">Download<\/a><\/div>\n\n\n\n<div class=\"wp-block-file\"><a href=\"https:\/\/documentos.ufca.edu.br\/wp-folder\/wp-content\/uploads\/2025\/01\/Extensa%CC%83o-resultado-final.pdf\">Edital N. 01\/2024\/GR\/UFCA \u2013 Resultado final da dimens\u00e3o Extens\u00e3o \u2013 17.01.2025<\/a><a href=\"https:\/\/documentos.ufca.edu.br\/wp-folder\/wp-content\/uploads\/2025\/01\/Extensa%CC%83o-resultado-final.pdf\" class=\"wp-block-file__button\">Download<\/a><\/div>\n\n\n\n<div class=\"wp-block-file\"><a href=\"https:\/\/documentos.ufca.edu.br\/wp-folder\/wp-content\/uploads\/2025\/01\/Cultura-Resultado-final.pdf\">Edital N. 01\/2024\/GR\/UFCA \u2013 Resultado final da dimens\u00e3o Cultura \u2013 17.01.2025<\/a><a href=\"https:\/\/documentos.ufca.edu.br\/wp-folder\/wp-content\/uploads\/2025\/01\/Cultura-Resultado-final.pdf\" class=\"wp-block-file__button\">Download<\/a><\/div>\n\n\n\n<div class=\"wp-block-file\"><a href=\"https:\/\/documentos.ufca.edu.br\/wp-folder\/wp-content\/uploads\/2025\/01\/Pesquisa-resposta-aos-recursos.pdf\">Edital N. 01\/2024\/GR\/UFCA \u2013 Resposta aos recursos da dimens\u00e3o Pesquisa \u2013 17.01.2025<\/a><a href=\"https:\/\/documentos.ufca.edu.br\/wp-folder\/wp-content\/uploads\/2025\/01\/Pesquisa-resposta-aos-recursos.pdf\" class=\"wp-block-file__button\">Download<\/a><\/div>\n\n\n\n<div class=\"wp-block-file\"><a href=\"https:\/\/documentos.ufca.edu.br\/wp-folder\/wp-content\/uploads\/2025\/01\/Resultado-cultura-preliminar-retificado.pdf\">Edital N. 01\/2024\/GR\/UFCA &#8211; Retifica\u00e7\u00e3o do resultado preliminar da dimens\u00e3o cultura &#8211; 13.01.2025<\/a><a href=\"https:\/\/documentos.ufca.edu.br\/wp-folder\/wp-content\/uploads\/2025\/01\/Resultado-cultura-preliminar-retificado.pdf\" class=\"wp-block-file__button\">Download<\/a><\/div>\n\n\n\n<div class=\"wp-block-file\"><a>Edital N. 01\/2024\/GR\/UFCA &#8211; Resultado Preliminar Ensino &#8211; 10.01.2025<\/a><a href=\"https:\/\/documentos.ufca.edu.br\/wp-folder\/wp-content\/uploads\/2025\/01\/ENSINO_-_RESULTADO_PRELIMINAR_assinado.pdf\" class=\"wp-block-file__button\">Download<\/a><\/div>\n\n\n\n<div class=\"wp-block-file\"><a href=\"https:\/\/documentos.ufca.edu.br\/wp-folder\/wp-content\/uploads\/2025\/01\/PESQUISA_-_RESULTADO_PRELIMINAR_assinado.pdf\">Edital N. 01\/2024\/GR\/UFCA &#8211; Resultado Preliminar Pesquisa &#8211; 10.01.2025<\/a><a href=\"https:\/\/documentos.ufca.edu.br\/wp-folder\/wp-content\/uploads\/2025\/01\/PESQUISA_-_RESULTADO_PRELIMINAR_assinado.pdf\" class=\"wp-block-file__button\">Download<\/a><\/div>\n\n\n\n<div class=\"wp-block-file\"><a href=\"https:\/\/documentos.ufca.edu.br\/wp-folder\/wp-content\/uploads\/2025\/01\/EXTENSAO_RESULTADO_PARCIAL_assinado.pdf\">Edital N. 01\/2024\/GR\/UFCA &#8211; Resultado Preliminar Extens\u00e3o &#8211; 10.01.2025<\/a><a href=\"https:\/\/documentos.ufca.edu.br\/wp-folder\/wp-content\/uploads\/2025\/01\/EXTENSAO_RESULTADO_PARCIAL_assinado.pdf\" class=\"wp-block-file__button\">Download<\/a><\/div>\n\n\n\n<div class=\"wp-block-file\"><a href=\"https:\/\/documentos.ufca.edu.br\/wp-folder\/wp-content\/uploads\/2025\/01\/SEPEC_-_RESULTADO_PRELIMINAR_-_CULTURA_assinado.pdf\">Edital N. 01\/2024\/GR\/UFCA &#8211; Resultado Preliminar Cultura &#8211; 10.01.2025<\/a><a href=\"https:\/\/documentos.ufca.edu.br\/wp-folder\/wp-content\/uploads\/2025\/01\/SEPEC_-_RESULTADO_PRELIMINAR_-_CULTURA_assinado.pdf\" class=\"wp-block-file__button\">Download<\/a><\/div>\n\n\n\n<div class=\"wp-block-file\"><a href=\"https:\/\/documentos.ufca.edu.br\/wp-folder\/wp-content\/uploads\/2025\/01\/1000526621.pdf\">Edital N. 01\/2024\/GR\/UFCA &#8211; Aditivo IV &#8211; 10.01.2025<\/a><a href=\"https:\/\/documentos.ufca.edu.br\/wp-folder\/wp-content\/uploads\/2025\/01\/1000526621.pdf\" class=\"wp-block-file__button\">Download<\/a><\/div>\n\n\n\n<div class=\"wp-block-file\"><a href=\"https:\/\/documentos.ufca.edu.br\/wp-folder\/wp-content\/uploads\/2025\/01\/EDITAL-01-2024-GR-UFCA-Aditivo-III-altera%C3%A7%C3%A3o-do-cronograma-Anexo-IX-07-01-2025-1.pdf\">Edital N. 01\/2024\/GR\/UFCA &#8211; Aditivo III &#8211; 07.10.2025<\/a><a href=\"https:\/\/documentos.ufca.edu.br\/wp-folder\/wp-content\/uploads\/2025\/01\/EDITAL-01-2024-GR-UFCA-Aditivo-III-altera%C3%A7%C3%A3o-do-cronograma-Anexo-IX-07-01-2025-1.pdf\" class=\"wp-block-file__button\">Download<\/a><\/div>\n\n\n\n<div class=\"wp-block-file\"><a href=\"https:\/\/documentos.ufca.edu.br\/wp-folder\/wp-content\/uploads\/2025\/02\/RESULTADO_FINAL_DA_AVALIACAO_DAS_PROPOSTAS_DE_EQUIPES_ESPORTIVAS_-_SEPEC_2024.docx_assinado.pdf\">Edital N. 01\/2024\/GR\/UFCA &#8211; Resultado final da avalia\u00e7\u00e3o das propostas de equipes esportivas<\/a><a href=\"https:\/\/documentos.ufca.edu.br\/wp-folder\/wp-content\/uploads\/2025\/02\/RESULTADO_FINAL_DA_AVALIACAO_DAS_PROPOSTAS_DE_EQUIPES_ESPORTIVAS_-_SEPEC_2024.docx_assinado.pdf\" class=\"wp-block-file__button\">Download<\/a><\/div>\n\n\n\n<div class=\"wp-block-file\"><a href=\"https:\/\/documentos.ufca.edu.br\/wp-folder\/wp-content\/uploads\/2024\/11\/RESULTADO_PRELIMINAR_DA_AVALIACAO_DAS_PROPOSTAS_DE_EQUIPES_ESPORTIVAS_-_SEPEC_2024_assinado.pdf\">Edital N. 01\/2024\/GR\/UFCA &#8211; Resultado preliminar da avalia\u00e7\u00e3o das propostas de equipes esportivas &#8211; 22.11.2024<\/a><a href=\"https:\/\/documentos.ufca.edu.br\/wp-folder\/wp-content\/uploads\/2024\/11\/RESULTADO_PRELIMINAR_DA_AVALIACAO_DAS_PROPOSTAS_DE_EQUIPES_ESPORTIVAS_-_SEPEC_2024_assinado.pdf\" class=\"wp-block-file__button\">Download<\/a><\/div>\n\n\n\n<div class=\"wp-block-file\"><a href=\"https:\/\/sepec.ufca.edu.br\/wp-content\/uploads\/sites\/193\/2024\/10\/EDITAL-01-2024-GR-UFCA-Aditivo-II-reabertura-de-submisso\u0303es-para-os-jogos-universita\u0301rios-e-alterac\u0327a\u0303o-de-data-de-divulgac\u0327a\u0303o-da-pre\u0301via-da-programac\u0327a\u0303o-21-10-2024.pdf\">EDITAL-01-2024-GR-UFCA-Aditivo-II-reabertura-de-submisso\u0303es-para-os-jogos-universita\u0301rios-e-alterac\u0327a\u0303o-de-data-de-divulgac\u0327a\u0303o-da-pre\u0301via-da-programac\u0327a\u0303o-21-10-2024<\/a><a href=\"https:\/\/sepec.ufca.edu.br\/wp-content\/uploads\/sites\/193\/2024\/10\/EDITAL-01-2024-GR-UFCA-Aditivo-II-reabertura-de-submisso\u0303es-para-os-jogos-universita\u0301rios-e-alterac\u0327a\u0303o-de-data-de-divulgac\u0327a\u0303o-da-pre\u0301via-da-programac\u0327a\u0303o-21-10-2024.pdf\" class=\"wp-block-file__button\" download>Download<\/a><\/div>\n\n\n\n<div class=\"wp-block-file\"><a href=\"https:\/\/sepec.ufca.edu.br\/wp-content\/uploads\/sites\/193\/2024\/10\/EDITAL-01-2024-GR-UFCA-Aditivo-I-alterac\u0327a\u0303o-do-cronograma-07-10-2024.pdf\">EDITAL-01-2024-GR-UFCA-Aditivo-I-alterac\u0327a\u0303o-do-cronograma-07-10-2024<\/a><a href=\"https:\/\/sepec.ufca.edu.br\/wp-content\/uploads\/sites\/193\/2024\/10\/EDITAL-01-2024-GR-UFCA-Aditivo-I-alterac\u0327a\u0303o-do-cronograma-07-10-2024.pdf\" class=\"wp-block-file__button\" download>Download<\/a><\/div>\n\n\n\n<div class=\"wp-block-file\"><a href=\"https:\/\/sepec.ufca.edu.br\/wp-content\/uploads\/sites\/193\/2024\/09\/Regulamento-Jogos-SEPEC-assinado.pdf\">Regulamento N. 01\/2024\/GR\/UFCA &#8211; Regulamentos dos jogos universit\u00e1rios da 1\u00aa SEPEC &#8211; 11.09.2024<\/a><a href=\"https:\/\/sepec.ufca.edu.br\/wp-content\/uploads\/sites\/193\/2024\/09\/Regulamento-Jogos-SEPEC-assinado.pdf\" class=\"wp-block-file__button\" download>Download<\/a><\/div>\n\n\n\n<figure class=\"wp-block-embed-youtube wp-block-embed is-type-video is-provider-youtube wp-embed-aspect-16-9 wp-has-aspect-ratio\"><div class=\"wp-block-embed__wrapper\">\n<iframe loading=\"lazy\" title=\"Edital N. 01\/2024\/GR\/UFCA \u2013 Chamada de inscri\u00e7\u00f5es e submiss\u00f5es para a 1\u00aa SEPEC \u2013 11.09.2024\" width=\"500\" height=\"281\" src=\"https:\/\/www.youtube.com\/embed\/xwNQl4grwPU?feature=oembed\" frameborder=\"0\" allow=\"accelerometer; autoplay; clipboard-write; encrypted-media; gyroscope; picture-in-picture; web-share\" referrerpolicy=\"strict-origin-when-cross-origin\" allowfullscreen><\/iframe>\n<\/div><\/figure>\n\n\n\n<div class=\"wp-block-file\"><a href=\"https:\/\/sepec.ufca.edu.br\/wp-content\/uploads\/sites\/193\/2024\/10\/Edital-N.-01-2024-GR-UFCA-Chamada-submissoes-e-inscricoes-versao-acessivel-a-pessoas-cegas-ou-com-baixa-visao.pdf\">Edital N. 01\/2024\/GR\/UFCA \u2013 Chamada de inscri\u00e7\u00f5es e submiss\u00f5es (vers\u00e3o acess\u00edvel a pessoas cegas ou com baixa vis\u00e3o)<\/a><a href=\"https:\/\/sepec.ufca.edu.br\/wp-content\/uploads\/sites\/193\/2024\/10\/Edital-N.-01-2024-GR-UFCA-Chamada-submissoes-e-inscricoes-versao-acessivel-a-pessoas-cegas-ou-com-baixa-visao.pdf\" class=\"wp-block-file__button\" download>Download<\/a><\/div>\n\n\n\n<div class=\"wp-block-file\"><a href=\"https:\/\/sepec.ufca.edu.br\/wp-content\/uploads\/sites\/193\/2024\/09\/Edital-SEPEC-assinado-1.pdf\">Edital N. 01\/2024\/GR\/UFCA \u2013 Chamada de inscri\u00e7\u00f5es e submiss\u00f5es para a 1\u00aa SEPEC \u2013 11.09.2024<\/a><a href=\"https:\/\/sepec.ufca.edu.br\/wp-content\/uploads\/sites\/193\/2024\/09\/Edital-SEPEC-assinado-1.pdf\" class=\"wp-block-file__button\" download>Download<\/a><\/div>\n\n\n\n<br><br>\n\n\n\n<h2>Edital 02 &#8211; Chamada de monitores(as) volunt\u00e1rios(as)<\/h2>\n\n\n\n<div class=\"wp-block-file\"><a href=\"https:\/\/documentos.ufca.edu.br\/wp-folder\/wp-content\/uploads\/2025\/01\/CHAMADA_VOLUNTARIOS_I_SEPEC_assinado.pdf\">Edital N. 02\/2024\/GR\/UFCA \u2013 Chamada de monitores(as) volunt\u00e1rios(as) \u2013 21.01.2025<\/a><a href=\"https:\/\/documentos.ufca.edu.br\/wp-folder\/wp-content\/uploads\/2025\/01\/CHAMADA_VOLUNTARIOS_I_SEPEC_assinado.pdf\" class=\"wp-block-file__button\">Download<\/a><\/div>\n","protected":false},"excerpt":{"rendered":"<p>Edital 01 &#8211; Chamada de inscri\u00e7\u00f5es e submiss\u00f5es para a 1\u00aa SEPEC Edital N. 01\/2024\/GR\/UFCA &#8211; Resultado premia\u00e7\u00e3o dimens\u00e3o CulturaDownload Edital N. 01\/2024\/GR\/UFCA \u2013 Resultado premia\u00e7\u00e3o dimens\u00e3o EnsinoDownload Edital N. 01\/2024\/GR\/UFCA \u2013 Resultado final &#8211; Melhores v\u00eddeos (dimens\u00e3o Extens\u00e3o)Download Edital N. 01\/2024\/GR\/UFCA \u2013 Resultado final &#8211; Melhores trabalhos (dimens\u00e3o Extens\u00e3o)Download Edital N. 01\/2024\/GR\/UFCA &#8211; Trabalhos [&hellip;]<\/p>\n","protected":false},"author":230,"featured_media":0,"parent":0,"menu_order":0,"comment_status":"closed","ping_status":"closed","template":"","meta":[],"_links":{"self":[{"href":"https:\/\/sepec.ufca.edu.br\/index.php?rest_route=\/wp\/v2\/pages\/120"}],"collection":[{"href":"https:\/\/sepec.ufca.edu.br\/index.php?rest_route=\/wp\/v2\/pages"}],"about":[{"href":"https:\/\/sepec.ufca.edu.br\/index.php?rest_route=\/wp\/v2\/types\/page"}],"author":[{"embeddable":true,"href":"https:\/\/sepec.ufca.edu.br\/index.php?rest_route=\/wp\/v2\/users\/230"}],"replies":[{"embeddable":true,"href":"https:\/\/sepec.ufca.edu.br\/index.php?rest_route=%2Fwp%2Fv2%2Fcomments&post=120"}],"version-history":[{"count":41,"href":"https:\/\/sepec.ufca.edu.br\/index.php?rest_route=\/wp\/v2\/pages\/120\/revisions"}],"predecessor-version":[{"id":503,"href":"https:\/\/sepec.ufca.edu.br\/index.php?rest_route=\/wp\/v2\/pages\/120\/revisions\/503"}],"wp:attachment":[{"href":"https:\/\/sepec.ufca.edu.br\/index.php?rest_route=%2Fwp%2Fv2%2Fmedia&parent=120"}],"curies":[{"name":"wp","href":"https:\/\/api.w.org\/{rel}","templated":true}]}}